m be n(-34). What is the greatest common divisor of a and m?
14
Suppose 591 = 4*q - 0*q + 5*d, 3*q + 4*d = 444. Suppose 128 = 4*h - 4*g, -g - 2*g - 26 = -h. Let r = h - 19. Calculate the greatest common divisor of q and r.
16
Let z be 2/7 + (-3104)/(-112). Calculate the highest common divisor of 238 and z.
14
Let n(k) = 2*k**2 + 45*k + 7. Let p be n(-23). What is the greatest common factor of p and 300?
30
Let j(x) = 251*x**2 + 2*x - 3. Let v be j(2). Let r = -717 + v. Suppose -2*m + 34 = -30. Calculate the highest common factor of m and r.
32
Suppose 0 = -4*f + 5*y + 33, 0*f - 2*f - y + 13 = 0. Suppose -3 = f*p - 108. What is the greatest common factor of 15 and p?
15
Let w(l) = -l**3 - 4*l**2 + 3. Let t be w(-5). Let q be (-8 - -8)/(3/(-1)) + 8. What is the highest common factor of t and q?
4
Suppose 181 = 8*x - 619. Suppose -28 = -m + v, 4*m = -5*v + x + 3. Let c = -4 + 13. Calculate the greatest common factor of c and m.
9
Let n be 2*41/26 - 72/468. Let c(k) = -k**3 + 3*k**2 + 4*k. Let h be c(4). Suppose h = 4*t - 33 - 27. Calculate the highest common divisor of n and t.
3
Suppose 23*g - 1494 = 116. Calculate the highest common factor of 385 and g.
35
Let v(z) = z**2 + 10*z + 36. Let f be v(-12). Let w = 330 - f. Calculate the greatest common factor of 30 and w.
30
Suppose -4*n - 5*h + 220 = -10*h, -192 = -3*n - 3*h. What is the highest common divisor of n and 90?
30
Let o be 255/6 + 7/(-14). Suppose o = 4*m + 3*a, 2*m + 3*a - 18 = -0*m. Calculate the greatest common factor of 96 and m.
12
Let y be (0 + 12/20)*5 - -39. Suppose a + 5*s = 57, 2*a - 128 + y = -3*s. What is the greatest common factor of a and 185?
37
Suppose 26*i = 1147 + 725. What is the highest common divisor of i and 64?
8
Suppose -5*y = -c - 270, -5*y + 2*c + 2*c + 270 = 0. Suppose -5*b + 3*d = -18, -2*d + 6*d = -4*b + 40. Calculate the highest common divisor of b and y.
6
Suppose 0 = o + 3, 24*o - 21*o - 91 = -5*y. What is the highest common divisor of y and 340?
20
Let w(b) = 3*b**2 - 48*b + 2. Let d be w(-20). Calculate the highest common factor of 46 and d.
46
Let z(i) = i**3 - 5*i**2 - i. Let a be z(6). Let w be a/12*164/10. What is the highest common divisor of 328 and w?
41
Let i be 7/(42/2844) + -7 + 7. Calculate the highest common divisor of 6 and i.
6
Let y = -34 + 73. Let j(b) be the second derivative of 7*b**3/6 - b**2 + 3*b. Let h be j(4). Calculate the highest common divisor of h and y.
13
Let a = -62 + 132. Calculate the highest common factor of a and 1435.
35
Let m(c) = -c**2 - 6*c - 9. Let w be m(-4). Let l be -5 + 3 - (2 + w - 66). Calculate the highest common factor of 9 and l.
9
Let q(s) = -s**2 + s. Let o be q(5). Let v be ((-4)/(-10) + (-1712)/o)*1. What is the highest common factor of 43 and v?
43
Let c = 1 - -2. Let k be 3 - 3/(-1) - c. Suppose -j = -k*j + 30. Calculate the greatest common factor of j and 15.
15
Let p(g) = 10*g - 108. Let r be p(12). Calculate the highest common divisor of 54 and r.
6
Suppose -4*m - 463 = -3*z, -4*z + 9*m - 12*m + 609 = 0. Calculate the highest common divisor of z and 99.
9
Suppose -2*o - 2*o + 336 = 0. Let j be (-4)/8*2/(-1). Let b be j/(-3) + 407/33. What is the greatest common divisor of b and o?
12
Let i be 279 + 12/(-18)*9. Calculate the greatest common factor of i and 14.
7
Let r = 404 - 382. What is the highest common factor of r and 2?
2
Suppose -6*o - 4232 = -4*x - 8*o, 4*x - 4236 = -3*o. Calculate the highest common factor of x and 66.
66
Let i = 18 + -24. Let w be ((-275)/10)/(3/i). What is the greatest common divisor of w and 5?
5
Let c = -8 + 10. Let k(v) = -c*v + 10 - 3 + v. Let f be k(-8). Calculate the greatest common factor of f and 15.
15
Suppose 3*y - 213 = -4*m + 6*y, 3*m + 3*y - 144 = 0. Suppose -5*d - f = -0*d - m, 5*f = d - 5. Calculate the highest common factor of d and 10.
10
Let t(p) be the first derivative of -2*p + 5/2*p**2 - 1/3*p**3 - 1. Let c be t(2). What is the highest common divisor of c and 4?
4
Let d(q) = 3*q**3 + 4*q**2 - 6*q + 5. Let p be d(2). What is the highest common factor of 132 and p?
33
Suppose 115 + 326 = 21*v. Calculate the highest common divisor of 27 and v.
3
Suppose 0 = 7*k - 9*k + 4. Suppose -2*s + 6*s + 18 = -5*a, 3*s - 4*a - k = 0. Let w = 3 - s. What is the greatest common factor of 30 and w?
5
Suppose -42*h - 5 = -43*h. Let w = 170 + h. Calculate the highest common divisor of w and 25.
25
Suppose -30*r + 78 = 18. Calculate the greatest common divisor of r and 5.
1
Let p(t) = 2*t**3 + 3*t**2 - 2*t - 1. Let i be p(-4). Let k = -46 - i. Calculate the highest common divisor of k and 243.
27
Let z = -1282 + 1305. What is the greatest common divisor of z and 115?
23
Suppose -h + 4*q + 1115 = 0, -3*h + 6*q + 1456 = -1913. What is the greatest common factor of 78 and h?
39
Let k = -133 - -173. Calculate the highest common divisor of 230 and k.
10
Let i be (-81 + 1)*(-2 + 1). Let o be 1/(-7) + (-1140)/(-140). Calculate the greatest common divisor of i and o.
8
Let b be 4*9/12 - 28. Let v = b + 45. Suppose 2*g + 13 + 113 = 3*z, 5*z - 209 = 3*g. What is the highest common divisor of z and v?
20
Suppose -4*s + 2*f = 4*f - 62, 2*f = s - 13. Let m be (-21*(-26)/39)/(12/90). Calculate the highest common divisor of m and s.
15
Suppose -87*v + 172 = -44*v. Calculate the highest common divisor of v and 226.
2
Suppose -2*a - 171 = 4*h + 13, 3*h + 141 = -3*a. Suppose -5*x - 15 = 0, -179 = -5*c - 5*x + 511. Let s = c + h. What is the greatest common factor of s and 12?
12
Let c(u) = 14*u**2 + 173*u - 18. Let g be c(-13). Calculate the greatest common divisor of 22 and g.
11
Let b(l) = l**3 - 3*l**2 + l + 60. Let i be b(0). Calculate the highest common factor of i and 66.
6
Let o be (3/(-6) - -1)/(3/(-126)). Let k be (o/(-2))/(25/6 + -4). Calculate the highest common divisor of 9 and k.
9
Let r be 56/(-126) + 4*(-1640)/(-18). Calculate the greatest common factor of 156 and r.
52
Let r(p) = 4*p - 8. Let x be r(6). Let i = -657 - -669. What is the greatest common factor of i and x?
4
Suppose v - 15*q - 5 = -20*q, 0 = 4*v + 3*q - 37. Let g be 78/21 - 4/(-14). What is the highest common divisor of v and g?
2
Let y = 213 - 203. Calculate the greatest common factor of y and 180.
10
Suppose 3*r + 4*p + 147 + 89 = 0, 320 = -4*r - 4*p. Let c = r - -95. Calculate the greatest common factor of c and 55.
11
Let u(x) = 73*x + 31. Let v be u(2). Calculate the greatest common divisor of 118 and v.
59
Let n be (-3)/18 + 22473/54. What is the highest common divisor of 52 and n?
52
Let q(x) = -x**3 + 13*x**2 + 13*x - 165. Let z be q(13). Let m = 45 + 19. Suppose -6*k = -2*k - m. What is the greatest common factor of z and k?
4
Let b be 276/(-24)*(-4 + -40). Calculate the highest common divisor of 11 and b.
11
Let d(j) = -j**3 - 3*j**2 - 3*j - 3. Let k be d(-2). Let w be (-2)/k*(9 - 1). Calculate the greatest common factor of w and 16.
16
Let r(l) = 7*l - 4. Let p be r(7). Let d be (96/20)/((-12)/(-45)). Calculate the highest common factor of d and p.
9
Let c be (-3)/(-1) + (-5 - -6). Suppose -5*m = -c*w - 187, 2*m + 18 - 76 = -4*w. Calculate the highest common divisor of 7 and m.
7
Let h = 75 + -59. Suppose -h*c + 198 = -5*c. Let b be 159/9 + 2/6. What is the highest common factor of c and b?
18
Let x = 312 - 227. Let b = 36 - 31. Calculate the highest common divisor of x and b.
5
Let k(a) = -46*a - 186. Let f be k(-7). What is the greatest common factor of f and 34?
34
Let k be (-54)/(-21)*(2 + (-100)/(-6)). Suppose -4*l - 4*l + k = 0. Calculate the highest common factor of 24 and l.
6
Suppose u - 104 = 5*g, -2*g - 2*g - 107 = -u. Suppose -4*z - 11 + u = 0. Let a be 164/9 - 4/18. What is the highest common divisor of a and z?
9
Let r(k) = -3*k - 14. Let y be r(-6). Let p(v) = 18*v. Let m be p(y). What is the greatest common factor of 108 and m?
36
Let w(g) = g + 4. Let c be w(-2). Suppose 4 = -4*k + 44. What is the greatest common factor of c and k?
2
Suppose 60 = -7*b + 3*b. Let m = -13 - b. Suppose m*t = 2*f + 3*f - 57, -24 = -2*f + 2*t. What is the greatest common divisor of f and 55?
11
Suppose -6*c + 0*c + 432 = 0. Let w = -12 + 20. Calculate the greatest common divisor of w and c.
8
Suppose 0 = -3*x, 5*q = 2*q - 3*x. Suppose -4*u = -q*u - 24. Calculate the greatest common factor of u and 